-570)/4*(-168)/35. Suppose 15*t - 17*t = s. Let m = 556 + t. Is m a prime number?
False
Let v be 12/9*3 + 6. Let w = 24 + v. Is w prime?
False
Suppose -5*g = x - 5*x + 26, 5*g + 30 = 5*x. Let k(n) = 43*n**3 - n**2 - 2*n. Let y be k(g). Let i = y + 553. Is i a prime number?
False
Let w be (-188 - 2) + (-9)/(-3). Let t = -12 + w. Let v = -56 - t. Is v a composite number?
True
Suppose 56 = 20*q - 35804. Is q a composite number?
True
Suppose -6*k - 146 = -4250. Suppose -2*m = -f + 1015, 2*f + m = k + 1336. Suppose s - r - f = -2*s, 0 = r. Is s composite?
False
Let w = -821 - -1393. Let o = w + -315. Suppose -f - 2*k + o = 0, -3*f + 723 = 5*k - 46. Is f composite?
True
Let b(s) = 10920*s**2 + 48*s + 49. Is b(-1) a composite number?
True
Let y = -21 - -15. Let x(w) be the second derivative of -26*w**3/3 - 7*w**2/2 + 23*w. Is x(y) a composite number?
True
Suppose -4 = 7*x - 9*x. Is (13 - 14)*(-4693 + x)*1 composite?
False
Is (-370812)/(-520) + 1/(-10) a prime number?
False
Let y(d) = 19*d**3 - 4*d**2 + 5*d + 3. Let o be y(7). Suppose -5*g = -0*g - s - 6354, 0 = -5*g - 4*s + o. Is g a composite number?
True
Let l = 663 - 217. Suppose 2*c + c - 331 = 2*t, -2*t = 4*c - l. Is c composite?
True
Let c = 11 - 6. Suppose -3*f + 2*v = -452, -5*f - v + 4*v = -752. Suppose -c*p = -p - f. Is p a prime number?
True
Let m(l) = -5*l**2 + 10*l + 3. Let s(v) = 10*v**2 - 19*v - 5. Let q(j) = -11*m(j) - 6*s(j). Let p be q(2). Is ((-222)/p)/((-4)/(-10)) a composite number?
False
Let t(s) be the second derivative of -74*s**3/3 + s**2/2 + 2*s. Suppose u + 7 = 2*v - 2*u, 2*u + 6 = 0. Is t(v) composite?
False
Suppose -6*k + 1395 + 15 = 0. Is k composite?
True
Suppose p = -0*q + 4*q - 1209, 2*q - 612 = -2*p. Let f = q - 158. Is f a prime number?
False
Let y(f) = 16*f**3 - f + 3. Suppose 5 + 1 = 3*c. Is y(c) composite?
True
Let p(l) = 2227*l + 260. Is p(3) prime?
False
Let d = -1966 + 4415. Is d a composite number?
True
Let n be (0 - (-3)/9)/(2/18). Suppose 0 = -n*f - 2*o - 0*o + 899, -4*o + 1200 = 4*f. Is f a prime number?
False
Let n = 6 - 9. Let h(v) = -4*v**3 + 3*v - 1. Let l be h(n). Suppose 35 = 2*g + 5*p - l, -148 = -2*g - 2*p. Is g prime?
True
Let k(h) be the first derivative of 3*h**3 - 7*h**2/2 - 15*h - 3. Is k(-4) prime?
True
Suppose 6*h + 3124 = 3*r + h, 3*h + 1040 = r. Is r composite?
True
Let g(l) = -l + 5. Let z be g(-7). Let v = z + -9. Is -5 + v + 129/1 prime?
True
Let h(m) = 24134*m**2 - 6*m + 3. Is h(1) prime?
False
Suppose -47*h + 79*h = 864224. Is h prime?
False
Let i(o) = 4*o - 10. Let j be i(13). Let n = 159 + j. Let l = -74 + n. Is l a composite number?
False
Suppose 345 = 6*o - o. Let y = o - 0. Let h = -46 + y. Is h a composite number?
False
Let g = 41794 + -20525. Is g composite?
False
Let p = 37 + -37. Suppose p = 5*n + 4*v - 3*v - 56755, n - 11351 = 3*v. Is n a prime number?
True
Let l be 58 + (-2 - -3 - 1). Suppose 0 = 4*p - l + 6. Let j = 30 + p. Is j prime?
True
Let g(k) = 478*k - 11. Let j be g(9). Let o = -1856 + j. Is o a composite number?
True
Is 6 + 4*(-2662)/(-8) prime?
False
Let t be -3 + (-9)/(27/12). Let b be -7 + (-3 - t) + 5. Is ((2 - -611) + 1)/b a composite number?
False
Let b = 137 - 130. Suppose -b*j - 2554 = -8*j. Is j prime?
False
Suppose 5*g + 324687 = 10*g + 2*y, 3*g - 194829 = 3*y. Is g composite?
True
Is ((-40048)/24)/(5 - (-34)/(-6)) a composite number?
False
Let s(x) = 2*x**3 - x + 1. Let q be s(1). Let h be 1/((-4)/(-8)) - q. Suppose -n - 3*t + 580 = 0, -2*n + t + h*t + 1125 = 0. Is n a prime number?
False
Let x = 6433 + 810. Is x composite?
False
Let f = 6805 - 3332. Is f a prime number?
False
Let o be (-6413)/55 - (-2)/(-5). Is (-103753)/o + (-4)/(-18) a composite number?
False
Let p(t) = -12 - 76*t + 0 - 12 - 5. Is p(-9) a composite number?
True
Let v(u) = 169*u**2 + 5*u - 3. Let h = 19 - 17. Suppose -3*n + 3*k = k - 10, -h*n - 2*k = 0. Is v(n) a prime number?
True
Let i = -131709 - -11749. Is (2 - (-1 - 0))*i/(-120) a composite number?
False
Suppose -m + 0 - 1 = 0, -2*l + 62 = 4*m. Is (-110)/l*582/(-4) a composite number?
True
Let w be 1 - 6/(-3) - -1. Suppose -m = -w*m + 156. Suppose -z + 6 = -m. Is z a composite number?
True
Is 116/(-3)*147/(-28) prime?
False
Suppose -7*q + 108 = 11*q. Is (-4)/(108/(-49443)) + q/(-27) composite?
False
Let p be (26 + -2)/(0 + 9/1482). Let j = -417 - -2407. Suppose 3*q + j = w + w, -p = -4*w - q. Is w composite?
True
Is 27548/7 - (10 + (-134)/14) composite?
True
Let f(w) = 10*w**2 + 8*w - 5. Let a be f(5). Let c = -4 - -8. Suppose -m = c*m - a. Is m prime?
False
Suppose -1614 = -3*g - 0*g. Let b = g - 159. Is b prime?
True
Suppose 0 = -2*z + 2343 + 1285. Is z a prime number?
False
Let w = 10 + -5. Suppose -185 - 23 = -4*y - 5*r, -w*y - 3*r = -273. Suppose -4*x + y = 5*b - 13, 4*x - 50 = -3*b. Is b prime?
False
Suppose b - d = 1436, -b + 5*d - 2865 = -3*b. Suppose 2*n - b = -3*z, 3 - 2 = -n. Is z a prime number?
True
Suppose 0 = 32*j - 395089 - 182223. Is j prime?
True
Let l(u) be the third derivative of u**6/60 - u**5/20 - u**4/12 + u**3 + 6*u**2. Let d be l(4). Suppose -351 = -z - 5*a, -2*a - 259 = -z + d. Is z prime?
False
Suppose 1709 = 10*f - 791. Suppose 3*d - a = 1978 + f, 2 = 2*a. Is d composite?
False
Let w(n) = 39*n**2 - 5*n - 1. Let b(s) = -38*s**2 + 5*s + 1. Let q(o) = -5*b(o) - 4*w(o). Is q(6) a prime number?
True
Suppose -27*x - 4163 = -29030. Is x a composite number?
True
Let b = 33 - 28. Let i(y) = 136*y - 3. Is i(b) a prime number?
True
Let x(p) = p**3 + 3*p**2 + p. Let l be x(-2). Let m be 59 + (l - (0 - 1)). Suppose 4*u - 1074 = -m. Is u a prime number?
False
Let s(j) = 20*j**3 + 9*j**2 + 8*j - 14. Is s(7) a prime number?
False
Let n = -1096 - -6005. Is n a composite number?
False
Is ((-300)/(-200))/(2/10532) a prime number?
False
Let d = 258 + -78. Suppose 0 = 4*y + 3*x + 257, 3*y + 0*x - 2*x + d = 0. Let b = y - -193. Is b composite?
False
Let a(h) = -3*h**2 + 15*h - 8. Let r be a(4). Suppose 4*b = -2*t + 3*b + 1382, 0 = b - r. Is t a prime number?
False
Suppose 2*i + 3 = 9. Is 1009 - 6*i/9 a composite number?
True
Is (-2105722)/(-578) + 2/51*-3 prime?
True
Is 63774/(-36)*(-10)/3 a prime number?
False
Let z(k) = 13*k**2 + 6*k. Let b(i) = i - 3*i**2 + 4*i**2 + 3*i**2 - 1 - 3*i**2. Let c(g) = -4*b(g) + z(g). Is c(-3) a prime number?
True
Is (-3)/12 - ((-24378)/(-8))/(-1) composite?
True
Let u(m) be the third derivative of 7*m**6/120 - m**5/20 - m**4/12 + 19*m**3/6 - 23*m**2. Is u(9) prime?
True
Suppose 5*a - 495452 + 71107 = 0. Is a a composite number?
False
Suppose -15 = 2*b - 5*v - 2, 0 = -3*b + 2*v - 3. Let o = b + 68. Is o prime?
False
Let c be (-5)/(2 + 14/(-6)). Let a = c - 10. Suppose -a*f + 2*s + 0*s + 249 = 0, -f - s = -54. Is f composite?
True
Let x = 4076 - 214. Is x composite?
True
Suppose -3*m = p - 9 + 41, m - 2*p = -6. Is (-5)/m*(0 - -5774*1) prime?
True
Let y(v) = -v**3 + 25*v**2 - 1. Is y(12) a prime number?
True
Suppose k = -s + 39, -s - 2*s + 5*k + 141 = 0. Is s/(-12)*122*-1 a composite number?
True
Let z(g) = 29*g**2 + 11*g + 35. Is z(-16) composite?
False
Is (-52692)/(-16) + (-1)/4 a prime number?
False
Suppose 5*c + 3 = 3*m - 6, 0 = c + 3*m - 9. Suppose -2*f + c*f = -1570. Is f a prime number?
False
Suppose 5*s + 2*v + 1129 = 0, 4 = s + 4*v + 219. Let t = s + 385. Is t prime?
False
Is (-1 + 15)*(-4188)/(-24) composite?
True
Let k be 0 + (-6)/21 + 4941/21. Is (-38326)/(-18) + (k/(-45) - -5) composite?
False
Is (-4 - -5)*(-89785)/(-6 + 1) a composite number?
False
Let d(r) = -3*r**3 + 15*r**2 - 9*r - 9. Let o(x) = 7*x**3 - 29*x**2 + 18*x + 18. Let h(m) = 5*d(m) + 2*o(m). Is h(16) a prime number?
True
Let j(a) = -3 - 2*a**2 + a**2 - a**3 - 2*a**2 - 5*a - a**2. Let s be j(-3). Suppose s*t - v - 3*v = 207, t + v - 62 = 0. Is t prime?
False
Let v(a) be the second derivative of 17*a**3/6 + 17*a**2 - 6*a. Is v(17) a composite number?
True
Let h(g) = -3*g. Let w be h(2). Let a(z) = -z**3 - 5*z**2 + 5*z - 6. Let l be a(w). Suppose -4*d + 6 + 1078 = l. Is d prime?
True
Suppose -10*i + 28*i - 146646 = 0. Is i a composite number?
False
Let a(b) be the second derivative of -b**3/3 + 57*b**2/2 - 12*b. Is a(7) prime?
True
Is -9*(5439/(-27) + 6) prime?
True
Suppose 4*x - 3*z - 3649 = 1312, -2*x + 2478 = -2*z. Let t = x + 5223. Is t prime?
False
Let q be -2